{"id":34,"date":"2021-11-17T06:10:13","date_gmt":"2021-11-17T06:10:13","guid":{"rendered":"https:\/\/mtnongnghiep.com\/?page_id=34"},"modified":"2025-12-22T17:01:38","modified_gmt":"2025-12-22T17:01:38","slug":"du-lieu","status":"publish","type":"page","link":"https:\/\/mtnongnghiep.com\/index.php\/du-lieu\/","title":{"rendered":"D\u1eef li\u1ec7u"},"content":{"rendered":"\t\t<div data-elementor-type=\"wp-page\" data-elementor-id=\"34\" class=\"elementor elementor-34\" data-elementor-settings=\"[]\">\n\t\t\t\t\t\t\t<div class=\"elementor-section-wrap\">\n\t\t\t\t\t\t\t<section class=\"elementor-section elementor-top-section elementor-element elementor-element-d834a92 elementor-section-boxed elementor-section-height-default elementor-section-height-default\" data-id=\"d834a92\" data-element_type=\"section\">\n\t\t\t\t\t\t<div class=\"elementor-container elementor-column-gap-default\">\n\t\t\t\t\t<div class=\"elementor-column elementor-col-100 elementor-top-column elementor-element elementor-element-41152f4\" data-id=\"41152f4\" data-element_type=\"column\">\n\t\t\t<div class=\"elementor-widget-wrap elementor-element-populated\">\n\t\t\t\t\t\t\t\t<section class=\"elementor-section elementor-inner-section elementor-element elementor-element-28a9098 elementor-section-boxed elementor-section-height-default elementor-section-height-default\" data-id=\"28a9098\" data-element_type=\"section\">\n\t\t\t\t\t\t<div class=\"elementor-container elementor-column-gap-default\">\n\t\t\t\t\t<div class=\"elementor-column elementor-col-66 elementor-inner-column elementor-element elementor-element-c087da7\" data-id=\"c087da7\" data-element_type=\"column\">\n\t\t\t<div class=\"elementor-widget-wrap elementor-element-populated\">\n\t\t\t\t\t\t\t\t<div class=\"elementor-element elementor-element-1c66d58 elementor-position-left elementor-vertical-align-top elementor-widget elementor-widget-image-box\" data-id=\"1c66d58\" data-element_type=\"widget\" data-widget_type=\"image-box.default\">\n\t\t\t\t<div class=\"elementor-widget-container\">\n\t\t\t<div class=\"elementor-image-box-wrapper\"><figure class=\"elementor-image-box-img\"><img decoding=\"async\" src=\"https:\/\/i1.wp.com\/mtnongnghiep.com\/wp-content\/uploads\/2021\/11\/crop.png?fit=100%2C100&amp;ssl=1\" title=\"crop\" alt=\"crop\" class=\"elementor-animation-pop\" \/><\/figure><div class=\"elementor-image-box-content\"><h3 class=\"elementor-image-box-title\">L\u0129nh v\u1ef1c tr\u1ed3ng tr\u1ecdt<\/h3><p class=\"elementor-image-box-description\">Hi\u1ec7n tr\u1ea1ng s\u1ea3n xu\u1ea5t, t\u1ef7 l\u1ec7 m\u1ed9t s\u1ed1 h\u00ecnh th\u1ee9c x\u1eed l\u00fd ph\u1ee5 ph\u1ea9m n\u00f4ng nghi\u1ec7p, l\u01b0\u1ee3ng ph\u00e1t sinh ph\u1ee5 ph\u1ea9m c\u00e2y tr\u1ed3ng<\/p><\/div><\/div>\t\t<\/div>\n\t\t\t\t<\/div>\n\t\t\t\t\t<\/div>\n\t\t<\/div>\n\t\t\t\t<div class=\"elementor-column elementor-col-33 elementor-inner-column elementor-element elementor-element-f376d03\" data-id=\"f376d03\" data-element_type=\"column\">\n\t\t\t<div class=\"elementor-widget-wrap elementor-element-populated\">\n\t\t\t\t\t\t\t\t<div class=\"elementor-element elementor-element-774a40a elementor-align-center elementor-widget elementor-widget-button\" data-id=\"774a40a\" data-element_type=\"widget\" data-widget_type=\"button.default\">\n\t\t\t\t<div class=\"elementor-widget-container\">\n\t\t\t\t\t<div class=\"elementor-button-wrapper\">\n\t\t\t<a href=\"https:\/\/mtnongnghiep.com\/index.php\/du-lieu-trong-trot\/\" target=\"_blank\" class=\"elementor-button-link elementor-button elementor-size-sm\" role=\"button\">\n\t\t\t\t\t\t<span class=\"elementor-button-content-wrapper\">\n\t\t\t\t\t\t<span class=\"elementor-button-icon elementor-align-icon-left\">\n\t\t\t\t<i aria-hidden=\"true\" class=\"fas fa-table\"><\/i>\t\t\t<\/span>\n\t\t\t\t\t\t<span class=\"elementor-button-text\">B\u1ea3ng<\/span>\n\t\t<\/span>\n\t\t\t\t\t<\/a>\n\t\t<\/div>\n\t\t\t\t<\/div>\n\t\t\t\t<\/div>\n\t\t\t\t\t<\/div>\n\t\t<\/div>\n\t\t\t\t\t\t\t<\/div>\n\t\t<\/section>\n\t\t\t\t<section class=\"elementor-section elementor-inner-section elementor-element elementor-element-5805040 elementor-section-boxed elementor-section-height-default elementor-section-height-default\" data-id=\"5805040\" data-element_type=\"section\">\n\t\t\t\t\t\t<div class=\"elementor-container elementor-column-gap-default\">\n\t\t\t\t\t<div class=\"elementor-column elementor-col-66 elementor-inner-column elementor-element elementor-element-20a772c\" data-id=\"20a772c\" data-element_type=\"column\">\n\t\t\t<div class=\"elementor-widget-wrap elementor-element-populated\">\n\t\t\t\t\t\t\t\t<div class=\"elementor-element elementor-element-4e9ed66 elementor-position-left elementor-vertical-align-top elementor-widget elementor-widget-image-box\" data-id=\"4e9ed66\" data-element_type=\"widget\" data-widget_type=\"image-box.default\">\n\t\t\t\t<div class=\"elementor-widget-container\">\n\t\t\t<div class=\"elementor-image-box-wrapper\"><figure class=\"elementor-image-box-img\"><img decoding=\"async\" src=\"https:\/\/i1.wp.com\/mtnongnghiep.com\/wp-content\/uploads\/2021\/11\/cow.png?fit=100%2C100&amp;ssl=1\" title=\"cow\" alt=\"cow\" class=\"elementor-animation-pop\" \/><\/figure><div class=\"elementor-image-box-content\"><h3 class=\"elementor-image-box-title\">L\u0129nh v\u1ef1c ch\u0103n nu\u00f4i<\/h3><p class=\"elementor-image-box-description\">T\u00ecnh h\u00ecnh s\u1ea3n xu\u1ea5t, t\u1ef7 l\u1ec7 m\u1ed9t s\u1ed1 h\u00ecnh th\u1ee9c x\u1eed l\u00fd ch\u1ea5t th\u1ea3i, l\u01b0\u1ee3ng ch\u1ea5t th\u1ea3i ph\u00e1t sinh, l\u01b0\u1ee3ng kh\u00ed nh\u00e0 k\u00ednh ph\u00e1t sinh t\u1eeb qu\u00e1 tr\u00ecnh ti\u00eau h\u00f3a v\u00e0 qu\u1ea3n l\u00fd ch\u1ea5t th\u1ea3i<\/p><\/div><\/div>\t\t<\/div>\n\t\t\t\t<\/div>\n\t\t\t\t\t<\/div>\n\t\t<\/div>\n\t\t\t\t<div class=\"elementor-column elementor-col-33 elementor-inner-column elementor-element elementor-element-cd0f1d4\" data-id=\"cd0f1d4\" data-element_type=\"column\">\n\t\t\t<div class=\"elementor-widget-wrap elementor-element-populated\">\n\t\t\t\t\t\t\t\t<div class=\"elementor-element elementor-element-07290f0 elementor-align-center elementor-widget elementor-widget-button\" data-id=\"07290f0\" data-element_type=\"widget\" data-widget_type=\"button.default\">\n\t\t\t\t<div class=\"elementor-widget-container\">\n\t\t\t\t\t<div class=\"elementor-button-wrapper\">\n\t\t\t<a href=\"https:\/\/mtnongnghiep.com\/index.php\/du-lieu-chan-nuoi\/\" target=\"_blank\" class=\"elementor-button-link elementor-button elementor-size-sm\" role=\"button\">\n\t\t\t\t\t\t<span class=\"elementor-button-content-wrapper\">\n\t\t\t\t\t\t<span class=\"elementor-button-icon elementor-align-icon-left\">\n\t\t\t\t<i aria-hidden=\"true\" class=\"fas fa-table\"><\/i>\t\t\t<\/span>\n\t\t\t\t\t\t<span class=\"elementor-button-text\">B\u1ea3ng<\/span>\n\t\t<\/span>\n\t\t\t\t\t<\/a>\n\t\t<\/div>\n\t\t\t\t<\/div>\n\t\t\t\t<\/div>\n\t\t\t\t\t<\/div>\n\t\t<\/div>\n\t\t\t\t\t\t\t<\/div>\n\t\t<\/section>\n\t\t\t\t<section class=\"elementor-section elementor-inner-section elementor-element elementor-element-746a20d elementor-section-boxed elementor-section-height-default elementor-section-height-default\" data-id=\"746a20d\" data-element_type=\"section\">\n\t\t\t\t\t\t<div class=\"elementor-container elementor-column-gap-default\">\n\t\t\t\t\t<div class=\"elementor-column elementor-col-66 elementor-inner-column elementor-element elementor-element-2c8fbff\" data-id=\"2c8fbff\" data-element_type=\"column\">\n\t\t\t<div class=\"elementor-widget-wrap elementor-element-populated\">\n\t\t\t\t\t\t\t\t<div class=\"elementor-element elementor-element-d18f331 elementor-position-left elementor-vertical-align-top elementor-widget elementor-widget-image-box\" data-id=\"d18f331\" data-element_type=\"widget\" data-widget_type=\"image-box.default\">\n\t\t\t\t<div class=\"elementor-widget-container\">\n\t\t\t<div class=\"elementor-image-box-wrapper\"><figure class=\"elementor-image-box-img\"><img decoding=\"async\" src=\"https:\/\/i0.wp.com\/mtnongnghiep.com\/wp-content\/uploads\/2021\/11\/seafood.png?fit=100%2C100&amp;ssl=1\" title=\"seafood\" alt=\"seafood\" class=\"elementor-animation-pop\" \/><\/figure><div class=\"elementor-image-box-content\"><h3 class=\"elementor-image-box-title\">L\u0129nh v\u1ef1c th\u1ee7y s\u1ea3n<\/h3><p class=\"elementor-image-box-description\">T\u00ecnh h\u00ecnh s\u1ea3n xu\u1ea5t, tl\u01b0\u1ee3ng ph\u00e1t sinh ch\u1ea5t th\u1ea3i trong qu\u00e1 tr\u00ecnh khai th\u00e1c, nu\u00f4i tr\u1ed3ng th\u1ee7y s\u1ea3n<\/p><\/div><\/div>\t\t<\/div>\n\t\t\t\t<\/div>\n\t\t\t\t\t<\/div>\n\t\t<\/div>\n\t\t\t\t<div class=\"elementor-column elementor-col-33 elementor-inner-column elementor-element elementor-element-8ed228e\" data-id=\"8ed228e\" data-element_type=\"column\">\n\t\t\t<div class=\"elementor-widget-wrap elementor-element-populated\">\n\t\t\t\t\t\t\t\t<div class=\"elementor-element elementor-element-980df58 elementor-align-center elementor-widget elementor-widget-button\" data-id=\"980df58\" data-element_type=\"widget\" data-widget_type=\"button.default\">\n\t\t\t\t<div class=\"elementor-widget-container\">\n\t\t\t\t\t<div class=\"elementor-button-wrapper\">\n\t\t\t<a href=\"https:\/\/mtnongnghiep.com\/index.php\/du-lieu-thuy-san\/\" target=\"_blank\" class=\"elementor-button-link elementor-button elementor-size-sm\" role=\"button\">\n\t\t\t\t\t\t<span class=\"elementor-button-content-wrapper\">\n\t\t\t\t\t\t<span class=\"elementor-button-icon elementor-align-icon-left\">\n\t\t\t\t<i aria-hidden=\"true\" class=\"fas fa-table\"><\/i>\t\t\t<\/span>\n\t\t\t\t\t\t<span class=\"elementor-button-text\">B\u1ea3ng<\/span>\n\t\t<\/span>\n\t\t\t\t\t<\/a>\n\t\t<\/div>\n\t\t\t\t<\/div>\n\t\t\t\t<\/div>\n\t\t\t\t\t<\/div>\n\t\t<\/div>\n\t\t\t\t\t\t\t<\/div>\n\t\t<\/section>\n\t\t\t\t<section class=\"elementor-section elementor-inner-section elementor-element elementor-element-87b4e8e elementor-section-boxed elementor-section-height-default elementor-section-height-default\" data-id=\"87b4e8e\" data-element_type=\"section\">\n\t\t\t\t\t\t<div class=\"elementor-container elementor-column-gap-default\">\n\t\t\t\t\t<div class=\"elementor-column elementor-col-66 elementor-inner-column elementor-element elementor-element-279b4fe\" data-id=\"279b4fe\" data-element_type=\"column\">\n\t\t\t<div class=\"elementor-widget-wrap elementor-element-populated\">\n\t\t\t\t\t\t\t\t<div class=\"elementor-element elementor-element-82d3365 elementor-position-left elementor-vertical-align-top elementor-widget elementor-widget-image-box\" data-id=\"82d3365\" data-element_type=\"widget\" data-widget_type=\"image-box.default\">\n\t\t\t\t<div class=\"elementor-widget-container\">\n\t\t\t<div class=\"elementor-image-box-wrapper\"><figure class=\"elementor-image-box-img\"><img decoding=\"async\" src=\"https:\/\/i1.wp.com\/mtnongnghiep.com\/wp-content\/uploads\/2021\/11\/nature.png?fit=100%2C100&amp;ssl=1\" title=\"nature\" alt=\"nature\" class=\"elementor-animation-pop\" \/><\/figure><div class=\"elementor-image-box-content\"><h3 class=\"elementor-image-box-title\">L\u0129nh v\u1ef1c l\u00e2m nghi\u1ec7p<\/h3><p class=\"elementor-image-box-description\">Hi\u1ec7n tr\u1ea1ng r\u1eebng t\u1ef1 nhi\u00ean, di\u1ec7n t\u00edch r\u1eebng tr\u1ed3ng h\u00e0ng n\u0103m, s\u1ea3n l\u01b0\u1ee3ng g\u1ed7 khai th\u00e1c<\/p><\/div><\/div>\t\t<\/div>\n\t\t\t\t<\/div>\n\t\t\t\t\t<\/div>\n\t\t<\/div>\n\t\t\t\t<div class=\"elementor-column elementor-col-33 elementor-inner-column elementor-element elementor-element-dcee736\" data-id=\"dcee736\" data-element_type=\"column\">\n\t\t\t<div class=\"elementor-widget-wrap elementor-element-populated\">\n\t\t\t\t\t\t\t\t<div class=\"elementor-element elementor-element-27c146f elementor-align-center elementor-widget elementor-widget-button\" data-id=\"27c146f\" data-element_type=\"widget\" data-widget_type=\"button.default\">\n\t\t\t\t<div class=\"elementor-widget-container\">\n\t\t\t\t\t<div class=\"elementor-button-wrapper\">\n\t\t\t<a href=\"https:\/\/mtnongnghiep.com\/index.php\/du-lieu-lam-nghiep\/\" target=\"_blank\" class=\"elementor-button-link elementor-button elementor-size-sm\" role=\"button\">\n\t\t\t\t\t\t<span class=\"elementor-button-content-wrapper\">\n\t\t\t\t\t\t<span class=\"elementor-button-icon elementor-align-icon-left\">\n\t\t\t\t<i aria-hidden=\"true\" class=\"fas fa-table\"><\/i>\t\t\t<\/span>\n\t\t\t\t\t\t<span class=\"elementor-button-text\">B\u1ea3ng<\/span>\n\t\t<\/span>\n\t\t\t\t\t<\/a>\n\t\t<\/div>\n\t\t\t\t<\/div>\n\t\t\t\t<\/div>\n\t\t\t\t\t<\/div>\n\t\t<\/div>\n\t\t\t\t\t\t\t<\/div>\n\t\t<\/section>\n\t\t\t\t\t<\/div>\n\t\t<\/div>\n\t\t\t\t\t\t\t<\/div>\n\t\t<\/section>\n\t\t\t\t\t\t<\/div>\n\t\t\t\t\t<\/div>\n\t\t","protected":false},"excerpt":{"rendered":"<p>L\u0129nh v\u1ef1c tr\u1ed3ng tr\u1ecdt Hi\u1ec7n tr\u1ea1ng s\u1ea3n xu\u1ea5t, t\u1ef7 l\u1ec7 m\u1ed9t s\u1ed1 h\u00ecnh th\u1ee9c x\u1eed l\u00fd ph\u1ee5 ph\u1ea9m n\u00f4ng nghi\u1ec7p, l\u01b0\u1ee3ng ph\u00e1t sinh ph\u1ee5 ph\u1ea9m c\u00e2y tr\u1ed3ng B\u1ea3ng L\u0129nh v\u1ef1c ch\u0103n nu\u00f4i T\u00ecnh h\u00ecnh s\u1ea3n xu\u1ea5t, t\u1ef7 l\u1ec7 m\u1ed9t s\u1ed1 h\u00ecnh th\u1ee9c x\u1eed l\u00fd ch\u1ea5t th\u1ea3i, l\u01b0\u1ee3ng ch\u1ea5t th\u1ea3i ph\u00e1t sinh, l\u01b0\u1ee3ng kh\u00ed nh\u00e0 k\u00ednh [&hellip;]<\/p>\n","protected":false},"author":1,"featured_media":0,"parent":0,"menu_order":0,"comment_status":"closed","ping_status":"closed","template":"elementor_theme","meta":{"spay_email":""},"jetpack-related-posts":[{"id":2760,"url":"https:\/\/mtnongnghiep.com\/index.php\/du-lieu-bdkh-linh-vuc-phat-trien-lang-nghe\/","url_meta":{"origin":34,"position":0},"title":"D\u1eef li\u1ec7u B\u0110KH l\u0129nh v\u1ef1c ph\u00e1t tri\u1ec3n l\u00e0ng ngh\u1ec1","date":"December 25, 2024","format":false,"excerpt":"V\u0103n b\u1ea3n ph\u00e1p l\u00fd T\u00e1c \u0111\u1ed9ng B\u0110KH v\u00e0 ph\u00e1t th\u1ea3i KNK Gi\u1ea3m nh\u1eb9 v\u00e0 th\u00edch \u1ee9ng B\u1ea3o v\u1ec7 t\u1ea7ng ozon K\u1ebft qu\u1ea3 \u0111\u00e1nh gi\u00e1 kh\u00ed h\u1eadu Qu\u1ed1c gia Nghi\u00ean c\u1ee9u KHCN \u1ee9ng ph\u00f3 B\u0110KH Ngu\u1ed3n l\u1ef1c \u1ee9ng ph\u00f3 B\u0110KH H\u1ee3p t\u00e1c qu\u1ed1c t\u1ebf","rel":"","context":"Similar post","img":{"alt_text":"","src":"","width":0,"height":0},"classes":[]},{"id":2741,"url":"https:\/\/mtnongnghiep.com\/index.php\/du-lieu-bdkh-linh-vuc-chan-nuoi\/","url_meta":{"origin":34,"position":1},"title":"D\u1eef li\u1ec7u B\u0110KH l\u0129nh v\u1ef1c ch\u0103n nu\u00f4i","date":"December 25, 2024","format":false,"excerpt":"V\u0103n b\u1ea3n ph\u00e1p l\u00fd T\u00e1c \u0111\u1ed9ng B\u0110KH v\u00e0 ph\u00e1t th\u1ea3i KNK Gi\u1ea3m nh\u1eb9 v\u00e0 th\u00edch \u1ee9ng B\u1ea3o v\u1ec7 t\u1ea7ng ozon K\u1ebft qu\u1ea3 \u0111\u00e1nh gi\u00e1 kh\u00ed h\u1eadu Qu\u1ed1c gia Nghi\u00ean c\u1ee9u KHCN \u1ee9ng ph\u00f3 B\u0110KH Ngu\u1ed3n l\u1ef1c \u1ee9ng ph\u00f3 B\u0110KH H\u1ee3p t\u00e1c qu\u1ed1c t\u1ebf","rel":"","context":"Similar post","img":{"alt_text":"","src":"","width":0,"height":0},"classes":[]},{"id":2762,"url":"https:\/\/mtnongnghiep.com\/index.php\/du-lieu-bdkh-linh-vuc-diem-nghiep\/","url_meta":{"origin":34,"position":2},"title":"D\u1eef li\u1ec7u B\u0110KH l\u0129nh v\u1ef1c di\u00eam nghi\u1ec7p","date":"December 25, 2024","format":false,"excerpt":"V\u0103n b\u1ea3n ph\u00e1p l\u00fd T\u00e1c \u0111\u1ed9ng B\u0110KH v\u00e0 ph\u00e1t th\u1ea3i KNK Gi\u1ea3m nh\u1eb9 v\u00e0 th\u00edch \u1ee9ng B\u1ea3o v\u1ec7 t\u1ea7ng ozon K\u1ebft qu\u1ea3 \u0111\u00e1nh gi\u00e1 kh\u00ed h\u1eadu Qu\u1ed1c gia Nghi\u00ean c\u1ee9u KHCN \u1ee9ng ph\u00f3 B\u0110KH Ngu\u1ed3n l\u1ef1c \u1ee9ng ph\u00f3 B\u0110KH H\u1ee3p t\u00e1c qu\u1ed1c t\u1ebf","rel":"","context":"Similar post","img":{"alt_text":"","src":"","width":0,"height":0},"classes":[]},{"id":2758,"url":"https:\/\/mtnongnghiep.com\/index.php\/du-lieu-bdkh-linh-vuc-lam-nghiep\/","url_meta":{"origin":34,"position":3},"title":"D\u1eef li\u1ec7u B\u0110KH l\u0129nh v\u1ef1c l\u00e2m nghi\u1ec7p","date":"December 25, 2024","format":false,"excerpt":"V\u0103n b\u1ea3n ph\u00e1p l\u00fd T\u00e1c \u0111\u1ed9ng B\u0110KH v\u00e0 ph\u00e1t th\u1ea3i KNK Gi\u1ea3m nh\u1eb9 v\u00e0 th\u00edch \u1ee9ng B\u1ea3o v\u1ec7 t\u1ea7ng ozon K\u1ebft qu\u1ea3 \u0111\u00e1nh gi\u00e1 kh\u00ed h\u1eadu Qu\u1ed1c gia Nghi\u00ean c\u1ee9u KHCN \u1ee9ng ph\u00f3 B\u0110KH Ngu\u1ed3n l\u1ef1c \u1ee9ng ph\u00f3 B\u0110KH H\u1ee3p t\u00e1c qu\u1ed1c t\u1ebf","rel":"","context":"Similar post","img":{"alt_text":"","src":"","width":0,"height":0},"classes":[]},{"id":2756,"url":"https:\/\/mtnongnghiep.com\/index.php\/du-lieu-bdkh-linh-vuc-thuy-loi\/","url_meta":{"origin":34,"position":4},"title":"D\u1eef li\u1ec7u B\u0110KH l\u0129nh v\u1ef1c th\u1ee7y l\u1ee3i","date":"December 25, 2024","format":false,"excerpt":"V\u0103n b\u1ea3n ph\u00e1p l\u00fd T\u00e1c \u0111\u1ed9ng B\u0110KH v\u00e0 ph\u00e1t th\u1ea3i KNK Gi\u1ea3m nh\u1eb9 v\u00e0 th\u00edch \u1ee9ng B\u1ea3o v\u1ec7 t\u1ea7ng ozon K\u1ebft qu\u1ea3 \u0111\u00e1nh gi\u00e1 kh\u00ed h\u1eadu Qu\u1ed1c gia Nghi\u00ean c\u1ee9u KHCN \u1ee9ng ph\u00f3 B\u0110KH Ngu\u1ed3n l\u1ef1c \u1ee9ng ph\u00f3 B\u0110KH H\u1ee3p t\u00e1c qu\u1ed1c t\u1ebf","rel":"","context":"Similar post","img":{"alt_text":"","src":"","width":0,"height":0},"classes":[]},{"id":2751,"url":"https:\/\/mtnongnghiep.com\/index.php\/du-lieu-bdkh-linh-vuc-trong-trot\/","url_meta":{"origin":34,"position":5},"title":"D\u1eef li\u1ec7u B\u0110KH l\u0129nh v\u1ef1c tr\u1ed3ng tr\u1ecdt","date":"December 25, 2024","format":false,"excerpt":"T\u00e1c \u0111\u1ed9ng B\u0110KH v\u00e0 ph\u00e1t th\u1ea3i KNK Gi\u1ea3m nh\u1eb9 v\u00e0 th\u00edch \u1ee9ng B\u1ea3o v\u1ec7 t\u1ea7ng ozon K\u1ebft qu\u1ea3 \u0111\u00e1nh gi\u00e1 kh\u00ed h\u1eadu Qu\u1ed1c gia Nghi\u00ean c\u1ee9u KHCN \u1ee9ng ph\u00f3 B\u0110KH Ngu\u1ed3n l\u1ef1c \u1ee9ng ph\u00f3 B\u0110KH H\u1ee3p t\u00e1c qu\u1ed1c t\u1ebf","rel":"","context":"Similar post","img":{"alt_text":"","src":"","width":0,"height":0},"classes":[]}],"_links":{"self":[{"href":"https:\/\/mtnongnghiep.com\/index.php\/wp-json\/wp\/v2\/pages\/34"}],"collection":[{"href":"https:\/\/mtnongnghiep.com\/index.php\/wp-json\/wp\/v2\/pages"}],"about":[{"href":"https:\/\/mtnongnghiep.com\/index.php\/wp-json\/wp\/v2\/types\/page"}],"author":[{"embeddable":true,"href":"https:\/\/mtnongnghiep.com\/index.php\/wp-json\/wp\/v2\/users\/1"}],"replies":[{"embeddable":true,"href":"https:\/\/mtnongnghiep.com\/index.php\/wp-json\/wp\/v2\/comments?post=34"}],"version-history":[{"count":53,"href":"https:\/\/mtnongnghiep.com\/index.php\/wp-json\/wp\/v2\/pages\/34\/revisions"}],"predecessor-version":[{"id":3265,"href":"https:\/\/mtnongnghiep.com\/index.php\/wp-json\/wp\/v2\/pages\/34\/revisions\/3265"}],"wp:attachment":[{"href":"https:\/\/mtnongnghiep.com\/index.php\/wp-json\/wp\/v2\/media?parent=34"}],"curies":[{"name":"wp","href":"https:\/\/api.w.org\/{rel}","templated":true}]}}